{"id":1276,"date":"2025-09-01T20:59:08","date_gmt":"2025-09-01T18:59:08","guid":{"rendered":"https:\/\/new.kielkowicz-stomatologia.pl\/?page_id=1276"},"modified":"2025-09-16T13:16:41","modified_gmt":"2025-09-16T11:16:41","slug":"welcome-2-2","status":"publish","type":"page","link":"https:\/\/kielkowicz-stomatologia.pl\/?page_id=1276","title":{"rendered":"Endodoncja mikroskopowa"},"content":{"rendered":"\n<style type=\"text\/css\" data-created_by=\"avia_inline_auto\" id=\"style-css-av-mf1h5vj6-d40fa021fe725e91b3fda0f2ad1d7325\">\n#top .av-special-heading.av-mf1h5vj6-d40fa021fe725e91b3fda0f2ad1d7325{\npadding-bottom:10px;\n}\nbody .av-special-heading.av-mf1h5vj6-d40fa021fe725e91b3fda0f2ad1d7325 .av-special-heading-tag .heading-char{\nfont-size:25px;\n}\n.av-special-heading.av-mf1h5vj6-d40fa021fe725e91b3fda0f2ad1d7325 .av-subheading{\nfont-size:15px;\n}\n<\/style>\n<div  class='av-special-heading av-mf1h5vj6-d40fa021fe725e91b3fda0f2ad1d7325 av-special-heading-h3  avia-builder-el-0  el_before_av_one_full  avia-builder-el-first '><h3 class='av-special-heading-tag'  itemprop=\"headline\"  >Endodoncja mikroskopowa<\/h3><div class=\"special-heading-border\"><div class=\"special-heading-inner-border\"><\/div><\/div><\/div>\n<div  class='flex_column av-ysjay-ba84e4e07b7b2bf45eaec66478506713 av_one_full  avia-builder-el-1  el_after_av_heading  el_before_av_hr  first flex_column_div  '     ><p>\n<style type=\"text\/css\" data-created_by=\"avia_inline_auto\" id=\"style-css-av-mf6r5k8v-c29b758ec1efe2dece6ffa3971568881\">\n.avia-image-container.av-mf6r5k8v-c29b758ec1efe2dece6ffa3971568881 img.avia_image{\nbox-shadow:none;\n}\n.avia-image-container.av-mf6r5k8v-c29b758ec1efe2dece6ffa3971568881 .av-image-caption-overlay-center{\ncolor:#ffffff;\n}\n<\/style>\n<div  class='avia-image-container av-mf6r5k8v-c29b758ec1efe2dece6ffa3971568881 av-styling- avia-align-center  avia-builder-el-2  el_before_av_textblock  avia-builder-el-first '   itemprop=\"image\" itemscope=\"itemscope\" itemtype=\"https:\/\/schema.org\/ImageObject\" ><div class=\"avia-image-container-inner\"><div class=\"avia-image-overlay-wrap\"><img decoding=\"async\" fetchpriority=\"high\" class='wp-image-1244 avia-img-lazy-loading-not-1244 avia_image ' src=\"https:\/\/kielkowicz-stomatologia.pl\/wp-content\/uploads\/2025\/08\/Dent022-scaled.jpg\" alt='' title='Tomasz Kie\u0142kowicz'  height=\"630\" width=\"922\"  itemprop=\"thumbnailUrl\" srcset=\"https:\/\/kielkowicz-stomatologia.pl\/wp-content\/uploads\/2025\/08\/Dent022-scaled.jpg 2560w, https:\/\/kielkowicz-stomatologia.pl\/wp-content\/uploads\/2025\/08\/Dent022-300x205.jpg 300w, https:\/\/kielkowicz-stomatologia.pl\/wp-content\/uploads\/2025\/08\/Dent022-1030x704.jpg 1030w, https:\/\/kielkowicz-stomatologia.pl\/wp-content\/uploads\/2025\/08\/Dent022-768x525.jpg 768w\" sizes=\"(max-width: 922px) 100vw, 922px\" \/><\/div><\/div><\/div><br \/>\n<section  class='av_textblock_section av-mf6q07iv-b85b286755c829f3367de4dc71231b5c '   itemscope=\"itemscope\" itemtype=\"https:\/\/schema.org\/CreativeWork\" ><div class='avia_textblock'  itemprop=\"text\" ><p>Tomasz Kie\u0142kowicz<\/p>\n<\/div><\/section><\/p><\/div>\n\n<style type=\"text\/css\" data-created_by=\"avia_inline_auto\" id=\"style-css-av-mf1ienop-912675ab0866ea57248a3abcbb532e35\">\n#top .hr.hr-invisible.av-mf1ienop-912675ab0866ea57248a3abcbb532e35{\nheight:10px;\n}\n<\/style>\n<div  class='hr av-mf1ienop-912675ab0866ea57248a3abcbb532e35 hr-invisible  avia-builder-el-4  el_after_av_one_full  el_before_av_textblock  av-small-hide av-mini-hide'><span class='hr-inner '><span class=\"hr-inner-style\"><\/span><\/span><\/div>\n<section  class='av_textblock_section av-mf1hglq9-fa7ab44edbbe251de0d247c0779ad378 '   itemscope=\"itemscope\" itemtype=\"https:\/\/schema.org\/CreativeWork\" ><div class='avia_textblock'  itemprop=\"text\" ><p><strong>Dlaczego u nas?<\/strong><\/p>\n<ul>\n<li>Wieloletnie do\u015bwiadczenie<\/li>\n<li>Specjalistyczny sprz\u0119t (mikroskop plus diagnostyka cyfrowa)<\/li>\n<li>Pantomograf i tomograf<\/li>\n<li>Leczenie wykonywane zgodnie ze standardami Europejskiego Towarzystwa Endodontycznego<\/li>\n<li>Op\u0142ata za konsultacj\u0119 odejmowana jest od ceny leczenia<\/li>\n<\/ul>\n<p><strong>W cenie leczenia niezale\u017cnie od ilo\u015bci wizyt zawarte s\u0105:<\/strong><\/p>\n<ul>\n<li>Pomoc b\u00f3lowa<\/li>\n<li>Wizyta kontrolna po leczeniu\u00a0 (za oko\u0142o p\u00f3\u0142 roku)<\/li>\n<li>Zdj\u0119cia RVG<\/li>\n<li>Znieczulenie<\/li>\n<\/ul>\n<p><strong>Cena zabiegu zawiera:<\/strong><\/p>\n<ul>\n<li>leczenie pod mikroskopem<\/li>\n<li><strong>niestosowanie<\/strong> tzw. trucizny (dzia\u0142a toksycznie na organizm) podczas leczenia b\u00f3lu z\u0119ba<\/li>\n<li>wykonywanie zabiegu w <strong>koferdamie<\/strong> (obowi\u0105zkowy arkusz gumy ochronnej izoluj\u0105cy z\u0105b)<\/li>\n<li>opracowanie kana\u0142\u00f3w nowoczesnymi \u00a0<strong>pilnikami niklowo-tytanowymi<\/strong><\/li>\n<li>dezynfekcja kana\u0142\u00f3w <strong>soniczna lub ultrad\u017awi\u0119kowa<\/strong><\/li>\n<li>wype\u0142nianie kana\u0142\u00f3w tzw. <strong>gutaperk\u0105 na ciep\u0142o<\/strong><\/li>\n<li>zabezpieczenie uj\u015b\u0107 kana\u0142\u00f3w <strong>po zako\u0144czonym leczeniu endodontycznym kompozytem typu flow<\/strong><\/li>\n<li>tymczasowe zabezpieczenie z\u0119ba materia\u0142em tymczasowym <strong>Cavit lub kompozytem<\/strong><\/li>\n<\/ul>\n<div class=\"wpb_text_column wpb_content_element \">\n<div class=\"wpb_wrapper\">\n<p><strong>Konsultacja:<\/strong><\/p>\n<ul>\n<li>wizyta konsultacyjna (zawiera ew. zdj\u0119cia rvg) \u2013 <strong>200,00 z\u0142<\/strong> (w przypadku podj\u0119cia leczenia koszt konsultacji <strong>zawarty jest w ca\u0142kowitej cenie za leczenie<\/strong>)<\/li>\n<\/ul>\n<div class=\"wpb_column vc_column_container vc_col-sm-4\">\n<div class=\"vc_column-inner \">\n<div class=\"wpb_wrapper\">\n<div class=\"wpb_text_column wpb_content_element \">\n<div class=\"wpb_wrapper\">\n<p><strong>Leczenie pierwotne:<br \/>\n<\/strong>\u00a0(z\u0105b <strong>nie by\u0142<\/strong> leczony wcze\u015bniej kana\u0142owo)<\/p>\n<ul>\n<li>z\u0105b jednokana\u0142owy \u2013 <strong>800,00 z\u0142<\/strong><\/li>\n<li>z\u0105b dwukana\u0142owy \u2013 <strong>1000,00<\/strong><strong>\u00a0z\u0142<\/strong><\/li>\n<li>z\u0105b trzykana\u0142owy \u2013 <strong>1200,00<\/strong><strong>\u00a0z\u0142<\/strong><\/li>\n<li>z\u0105b czterokana\u0142owy \u2013 <strong>1400,00 z\u0142<\/strong><\/li>\n<li>ewentualna odbudowa \u015bciany przed leczeniem \u2013\u00a0<strong>150,00 z\u0142<\/strong><\/li>\n<li>usuni\u0119cie z\u0142amanego pilnika u pacjent\u00f3w spoza naszego gabinetu \u2013 <strong>500,00 z\u0142<\/strong><\/li>\n<li>usuni\u0119cie z\u0142amanego pilnika podczas naszego leczenia \u2013 zawsze <strong>BEZP\u0141ATNIE<\/strong><\/li>\n<li>zamkni\u0119cie perforacji lub szerokiego wierzcho\u0142ka preparatem <strong>MTA<\/strong> lub <strong>Biodentin<\/strong> \u2013 <strong>400,00 z\u0142<\/strong><\/li>\n<\/ul>\n<p><strong>Powt\u00f3rne leczenie kana\u0142owe<\/strong> (kiedy z\u0105b <strong>by\u0142 ju\u017c leczony<\/strong> kiedy\u015b kana\u0142owo, ale wymaga ponownego przeleczenia z jakiej\u015b przyczyny) dodatkowo <strong>200,00 z\u0142<\/strong><\/p>\n<\/div>\n<div class=\"wpb_text_column wpb_content_element \">\n<div class=\"wpb_wrapper\">\n<p><strong>dj\u0119cie cbct<\/strong> (tomograf) lub zdj\u0119cie pantomograficzne (panorama) \u2013 <strong>150,00 \u2013 200,00 z\u0142<\/strong><\/p>\n<\/div>\n<\/div>\n<\/div>\n<\/div>\n<\/div>\n<\/div>\n<\/div>\n<\/div>\n<\/div><\/section>\n","protected":false},"excerpt":{"rendered":"","protected":false},"author":1,"featured_media":0,"parent":0,"menu_order":0,"comment_status":"closed","ping_status":"open","template":"","meta":{"footnotes":""},"class_list":["post-1276","page","type-page","status-publish","hentry"],"_links":{"self":[{"href":"https:\/\/kielkowicz-stomatologia.pl\/index.php?rest_route=\/wp\/v2\/pages\/1276","targetHints":{"allow":["GET"]}}],"collection":[{"href":"https:\/\/kielkowicz-stomatologia.pl\/index.php?rest_route=\/wp\/v2\/pages"}],"about":[{"href":"https:\/\/kielkowicz-stomatologia.pl\/index.php?rest_route=\/wp\/v2\/types\/page"}],"author":[{"embeddable":true,"href":"https:\/\/kielkowicz-stomatologia.pl\/index.php?rest_route=\/wp\/v2\/users\/1"}],"replies":[{"embeddable":true,"href":"https:\/\/kielkowicz-stomatologia.pl\/index.php?rest_route=%2Fwp%2Fv2%2Fcomments&post=1276"}],"version-history":[{"count":25,"href":"https:\/\/kielkowicz-stomatologia.pl\/index.php?rest_route=\/wp\/v2\/pages\/1276\/revisions"}],"predecessor-version":[{"id":1384,"href":"https:\/\/kielkowicz-stomatologia.pl\/index.php?rest_route=\/wp\/v2\/pages\/1276\/revisions\/1384"}],"wp:attachment":[{"href":"https:\/\/kielkowicz-stomatologia.pl\/index.php?rest_route=%2Fwp%2Fv2%2Fmedia&parent=1276"}],"curies":[{"name":"wp","href":"https:\/\/api.w.org\/{rel}","templated":true}]}}